{"id":11,"date":"2016-07-08T21:41:17","date_gmt":"2016-07-08T21:41:17","guid":{"rendered":"http:\/\/200.40.79.215\/~c203819\/wp\/?page_id=11"},"modified":"2022-07-05T18:22:07","modified_gmt":"2022-07-05T18:22:07","slug":"capacitacion","status":"publish","type":"page","link":"http:\/\/www.centrocar.com.uy\/wp\/capacitacion\/","title":{"rendered":"La Organizaci\u00f3n"},"content":{"rendered":"<p><strong>\u00a0<\/strong><strong>SEGUNDA PARTE: LA ORGANIZACI\u00d3N<\/strong><\/p>\n<p>Se podr\u00eda decir que el \u201cMapa de Objetivos Estrat\u00e9gicos\u201d viabiliza el logro de los Objetivos \u00daltimos propuestos (Misi\u00f3n y Visi\u00f3n). Es por esto que lo consideramos compuesto de una parte conceptual y otra netamente operativa.<\/p>\n<p>Los Aspectos Operativos por su parte se refieren a la Organizaci\u00f3n de Centro Car (Organigrama), entre otros.<\/p>\n<p>La definici\u00f3n (concreci\u00f3n) de la Organizaci\u00f3n a dar a Centro Car surge de un Proceso mediante el cual se definieron las Tareas, se agruparon Funciones, se establecieron Relaciones de Autoridad y se definieron Criterios para obtener una COORDINACI\u00d3N EFECTIVA con la intenci\u00f3n de lograr los Objetivos Propuestos y de adaptar a la Organizaci\u00f3n a tales requerimientos.<\/p>\n<p>Las breves definiciones &#8211; debido al detalle que poseen las tareas que desarrollan los principales cargos de nuestra Organizaci\u00f3n &#8211; habr\u00e1n de refrendar lo dicho anteriormente sobre el Organigrama y la Organizaci\u00f3n de Centro Car.<\/p>\n<p>Tambi\u00e9n forman parte de este apartado, en sucesivos niveles de aproximaci\u00f3n a la realidad: El Ciclo del Servicio (esquema), El <u>Proceso (1)<\/u> de\u00a0 Dise\u00f1o del Servicio de Centro Car (esquema) y El Diagrama de Flujo del Proceso del Servicio (real).<\/p>\n<ul>\n<li><em>El Enfoque Basado en Procesos consiste en la Identificaci\u00f3n y Gesti\u00f3n Sistem\u00e1tica de los procesos desarrollados en la organizaci\u00f3n y en particular las interacciones entre tales procesos. La Gesti\u00f3n por Procesos se basa en la modelizaci\u00f3n de los sistemas como un conjunto de procesos interrelacionados mediante v\u00ednculos causa-efecto. El prop\u00f3sito final de la Gesti\u00f3n por Procesos es asegurar que todos los procesos de una organizaci\u00f3n se desarrollan de forma coordinada, mejorando la efectividad y la satisfacci\u00f3n de todas las partes interesadas (clientes, accionistas, personal, proveedores, sociedad en general).<\/em><\/li>\n<\/ul>\n<p>Estos diagramas permiten visualizar las relaciones (serie de contactos y comunicaci\u00f3n), entre nuestros Colaboradores y entre \u00e9stos con nuestros Clientes y Proveedores. Su concreci\u00f3n \u2013 su \u201cafinado\u201d \u2013 fue posible gracias al Trabajo en Equipo y permite en definitiva conjuntar a todos los intervinientes del Proceso: Clientes \u2013 Proveedores \u2013 Organizaci\u00f3n \u2013 Especificaciones de F\u00e1brica \u2013 Regulaciones del Mercado \u2013 Momentos Claves (en la Prestaci\u00f3n del Servicio) \u2013 etc.<\/p>\n<p>Recordemos que una respuesta Eficaz y Eficiente solo la puede dar una Organizaci\u00f3n que como dij\u00e9ramos est\u00e9 al servicio de su Misi\u00f3n y Objetivos (2).<\/p>\n<ul>\n<li><em>Eficaz: que logre los Objetivos; Eficiente: con el menor costo.<\/em><\/li>\n<\/ul>\n<p>&nbsp;<\/p>\n","protected":false},"excerpt":{"rendered":"<p>\u00a0SEGUNDA PARTE: LA ORGANIZACI\u00d3N Se podr\u00eda decir que el \u201cMapa de Objetivos Estrat\u00e9gicos\u201d viabiliza el logro de los Objetivos \u00daltimos propuestos (Misi\u00f3n y Visi\u00f3n). Es por esto que lo consideramos compuesto de una parte conceptual y otra netamente operativa. Los Aspectos Operativos por su parte se refieren a la Organizaci\u00f3n de Centro Car (Organigrama), entre [&hellip;]<\/p>\n","protected":false},"author":1,"featured_media":0,"parent":0,"menu_order":2,"comment_status":"closed","ping_status":"closed","template":"","meta":[],"_links":{"self":[{"href":"http:\/\/www.centrocar.com.uy\/wp\/wp-json\/wp\/v2\/pages\/11"}],"collection":[{"href":"http:\/\/www.centrocar.com.uy\/wp\/wp-json\/wp\/v2\/pages"}],"about":[{"href":"http:\/\/www.centrocar.com.uy\/wp\/wp-json\/wp\/v2\/types\/page"}],"author":[{"embeddable":true,"href":"http:\/\/www.centrocar.com.uy\/wp\/wp-json\/wp\/v2\/users\/1"}],"replies":[{"embeddable":true,"href":"http:\/\/www.centrocar.com.uy\/wp\/wp-json\/wp\/v2\/comments?post=11"}],"version-history":[{"count":2,"href":"http:\/\/www.centrocar.com.uy\/wp\/wp-json\/wp\/v2\/pages\/11\/revisions"}],"predecessor-version":[{"id":302,"href":"http:\/\/www.centrocar.com.uy\/wp\/wp-json\/wp\/v2\/pages\/11\/revisions\/302"}],"wp:attachment":[{"href":"http:\/\/www.centrocar.com.uy\/wp\/wp-json\/wp\/v2\/media?parent=11"}],"curies":[{"name":"wp","href":"https:\/\/api.w.org\/{rel}","templated":true}]}}

La Organización

<p><strong> </strong><strong>SEGUNDA PARTE: LA ORGANIZACIÓN</strong></p>
<p>Se podría decir que el “Mapa de Objetivos Estratégicos” viabiliza el logro de los Objetivos Últimos propuestos (Misión y Visión). Es por esto que lo consideramos compuesto de una parte conceptual y otra netamente operativa.</p>
<p>Los Aspectos Operativos por su parte se refieren a la Organización de Centro Car (Organigrama), entre otros.</p>
<p>La definición (concreción) de la Organización a dar a Centro Car surge de un Proceso mediante el cual se definieron las Tareas, se agruparon Funciones, se establecieron Relaciones de Autoridad y se definieron Criterios para obtener una COORDINACIÓN EFECTIVA con la intención de lograr los Objetivos Propuestos y de adaptar a la Organización a tales requerimientos.</p>
<p>Las breves definiciones &#8211; debido al detalle que poseen las tareas que desarrollan los principales cargos de nuestra Organización &#8211; habrán de refrendar lo dicho anteriormente sobre el Organigrama y la Organización de Centro Car.</p>
<p>También forman parte de este apartado, en sucesivos niveles de aproximación a la realidad: El Ciclo del Servicio (esquema), El <u>Proceso (1)</u> de  Diseño del Servicio de Centro Car (esquema) y El Diagrama de Flujo del Proceso del Servicio (real).</p>
<ul>
<li><em>El Enfoque Basado en Procesos consiste en la Identificación y Gestión Sistemática de los procesos desarrollados en la organización y en particular las interacciones entre tales procesos. La Gestión por Procesos se basa en la modelización de los sistemas como un conjunto de procesos interrelacionados mediante vínculos causa-efecto. El propósito final de la Gestión por Procesos es asegurar que todos los procesos de una organización se desarrollan de forma coordinada, mejorando la efectividad y la satisfacción de todas las partes interesadas (clientes, accionistas, personal, proveedores, sociedad en general).</em></li>
</ul>
<p>Estos diagramas permiten visualizar las relaciones (serie de contactos y comunicación), entre nuestros Colaboradores y entre éstos con nuestros Clientes y Proveedores. Su concreción – su “afinado” – fue posible gracias al Trabajo en Equipo y permite en definitiva conjuntar a todos los intervinientes del Proceso: Clientes – Proveedores – Organización – Especificaciones de Fábrica – Regulaciones del Mercado – Momentos Claves (en la Prestación del Servicio) – etc.</p>
<p>Recordemos que una respuesta Eficaz y Eficiente solo la puede dar una Organización que como dijéramos esté al servicio de su Misión y Objetivos (2).</p>
<ul>
<li><em>Eficaz: que logre los Objetivos; Eficiente: con el menor costo.</em></li>
</ul>
<p>&nbsp;</p>

<p> SEGUNDA PARTE: LA ORGANIZACIÓN Se podría decir que el “Mapa de Objetivos Estratégicos” viabiliza el logro de los Objetivos Últimos propuestos (Misión y Visión). Es por esto que lo consideramos compuesto de una parte conceptual y otra netamente operativa. Los Aspectos Operativos por su parte se refieren a la Organización de Centro Car (Organigrama), entre [&hellip;]</p>
